he prime factors of b.
2, 139
Suppose -4*u = r - 22, u + 2*r = 3*r + 3. Suppose g = -2*a - 3*g + 224, 4*a - u*g = 513. List the prime factors of a.
2, 61
Let z be (-3)/(-48)*-6*-8. Suppose a = z*j + 5*a - 854, -5*a = -10. List the prime factors of j.
2, 3, 47
Suppose 5*h - 2*p + 0 = 4, -4*h = -2*p - 2. Suppose -13*z = -22*z + 738. Suppose 2*q - 3*r = z, 0*q + 84 = h*q - 2*r. What are the prime factors of q?
2, 11
Suppose -q + 4*j - 14 = 0, 4*q + 3 = 3*j - 1. Suppose b - 5*w = 14, -w + 4 = b + 2. Suppose -21 = -q*i + i - z, 4*z = b. List the prime factors of i.
2, 5
Let y(l) = l**2 - 5*l - 2. Let r be (-9)/2*44/(-33). Let t be y(r). Suppose -c - 4*b + 14 = 0, t*c + b - 24 = 32. List the prime factors of c.
2, 7
Let j = 424 + 1950. What are the prime factors of j?
2, 1187
Let b be (1 + 2 + -4)*-5. Suppose 3*x = b*c + 164, -3*c + 204 = 4*x - x. What are the prime factors of x?
3, 7
Suppose p - 707 = 2*s - 3*s, 3*p - 1415 = -2*s. What are the prime factors of s?
2, 353
Suppose 3*g - 5 = 8*g. Let i = g + -9. Let v = -3 - i. List the prime factors of v.
7
Let f(p) = 3*p**3 - 5*p**2 - 8*p - 6. Let o(y) = -9*y**3 + 16*y**2 + 25*y + 17. Let l(q) = -7*f(q) - 2*o(q). List the prime factors of l(-3).
2, 7
Let n = -43 - 307. Let w = 551 + n. List the prime factors of w.
3, 67
Let p be 7 + 116870/(-25) - 2/10. What are the prime factors of 1/(-5 + p/(-933))?
311
Let f = -4 + 34. Suppose 0 = -u + 14 + f. List the prime factors of u.
2, 11
Let m = -12 + 10. Let q(v) = -v**3 - 2*v**2 - v + 1. List the prime factors of q(m).
3
Suppose 0 = 3*i + 17 - 5. List the prime factors of 3*i/(16/(-12)).
3
Suppose 0 = -2*s - 21*h + 16*h + 521, -2*h + 1292 = 5*s. List the prime factors of s.
2, 3, 43
Suppose h - 4*l = 0, l - 51 = h - 5*h. Suppose -h = 3*p, 0 = 3*j - 5*p + 7*p - 523. List the prime factors of j.
3, 59
List the prime factors of (48 - 2)/(82/1763).
23, 43
Suppose -4*g = g - 20. Suppose -g*u = 222 - 14. List the prime factors of (-1)/3 + u/(-3).
17
Suppose 13 = -3*q + 64. Let x = 151 + q. List the prime factors of x.
2, 3, 7
Suppose k - f = -2*k - 95, -165 = 5*k + 5*f. List the prime factors of ((-4)/(k/14))/(2/16).
2, 7
Let h be (-4)/3 - (-4539)/9. Suppose -2*q = 185 - h. Suppose 4*z - 180 = -4*j, 5*z - 3*j = 2*z + q. What are the prime factors of z?
7
What are the prime factors of 8 - (-1021 - (-5 + 2))?
2, 3, 19
Let h(y) = y**3 + 6*y**2 + 4*y - 3. Let j be h(-5). Suppose -5*z = -j*z. Suppose c - 2*f - 85 = z, 4*f + 239 = 3*c + 2*f. What are the prime factors of c?
7, 11
Let q = -4 + 10. Let a(j) be the third derivative of j**6/120 - j**5/12 - j**4/4 + 5*j**3/6 - 3*j**2. List the prime factors of a(q).
5
Let y = -9 - -37. Suppose -6*a = -8*a - y. List the prime factors of 51/7 + 4/a.
7
Suppose 2287 = -5*u + 8197. What are the prime factors of u?
2, 3, 197
Let l(v) = -2*v - 10. Let a(m) be the second derivative of 3*m**3/2 + 41*m**2/2 + 8*m. Let q(j) = -6*a(j) - 26*l(j). What are the prime factors of q(6)?
2
Suppose 0 = -4*f - 4, -k + 5 = 2*k + 4*f. Let h be (k - 1)/(10/155). Suppose -17*x + 18*x = h. List the prime factors of x.
31
Suppose 29 = 4*k - 3. Suppose 7*t - k*t + 50 = 0. List the prime factors of t.
2, 5
Suppose -4*h = 6*h - 2310. Suppose 4*w - 1127 + h = 0. List the prime factors of w.
2, 7
Suppose -5*y + 2850 = 5*j, -3*y - 4*j + 585 = -2*y. List the prime factors of y.
5, 113
What are the prime factors of (-9136)/(-32) - (-1)/2?
2, 11, 13
Let a(k) = 65*k - 28. List the prime factors of a(11).
3, 229
Let u = 597 + 539. List the prime factors of u.
2, 71
Let l(w) = 25*w**3 + 4*w**2 + 4*w. List the prime factors of l(3).
3, 241
Suppose -310 - 668 = -2*j. What are the prime factors of j?
3, 163
What are the prime factors of 13194/24 - (-1)/4?
2, 5, 11
Let v(i) = -15*i - 6. Let r be v(4). Let k = -20 - r. List the prime factors of k.
2, 23
Suppose -245 = -5*q - 4*j, 4*j - 9 + 254 = 5*q. What are the prime factors of q?
7
Suppose 38 = -m + 707. Suppose 0 = 2*a - 5*a + m. What are the prime factors of a?
223
List the prime factors of (-20801)/(-4) + -7 + 23/4.
3, 1733
Let i(s) = 992*s**3 + 14*s**2 - 14*s + 1. What are the prime factors of i(1)?
3, 331
Let t = 989 - 688. Suppose -71 = 5*i - t. What are the prime factors of i?
2, 23
Let m(k) = 9*k - 4. Let z(n) = 4*n - 2. Let y(a) = 3*m(a) - 7*z(a). Let i be y(-2). What are the prime factors of (84 - 3)*(i - 3)?
3
Let x(o) = o**3 + 3*o**2 - o - 1. Let u be x(-3). Suppose -16 = -u*g + 90. List the prime factors of g.
53
Suppose -46440 = -21*j + 6*j. What are the prime factors of j?
2, 3, 43
Suppose -i = c - 925, 0 = -2*c - c + 4*i + 2740. List the prime factors of c.
2, 5, 23
Let z be (-1)/4*-4 + 5. List the prime factors of (-4)/16 + z*83/8.
2, 31
What are the prime factors of -4 + (16641/45 - (-3)/15)?
2, 3, 61
Suppose -5*q + 49 = 2*g - 4, 28 = 3*q + 5*g. Suppose 1159 = q*k - 370. List the prime factors of k.
139
Let x be (-3)/(-6) + (-23)/(-2). Let g = x + -8. Suppose g*f - 113 = 23. List the prime factors of f.
2, 17
Let b(u) = -u + 3. Suppose -4*x = q - 10, 0 = -2*x + 6*x + 3*q - 6. Let j(h) = -h**2 + 3*h - 3. Let n be j(x). List the prime factors of b(n).
2, 3
What are the prime factors of -3 + 9/(-3) + 1721?
5, 7
Suppose -2*r = 3*a, r = 2*a - 4*a. Suppose -3*i = -2*z + 256, r = -0*i + 5*i. List the prime factors of z.
2
Let h(t) = 4*t**2 - 15*t + 25. List the prime factors of h(9).
2, 107
Suppose -6 = 2*y, -18*o + 16*o - 5*y + 1149 = 0. What are the prime factors of o?
2, 3, 97
Let z(s) be the third derivative of s**5/20 - s**4/3 + 11*s**3/6 - 5*s**2. List the prime factors of z(-5).
2, 3, 7
Let b(d) = d + 44. Let n be b(29). Suppose 3*f - 85 = h, -3*f + h = 3*h - n. List the prime factors of f.
3
Suppose -k - 5*l + 351 = 0, -2*l + 7*l - 1835 = -5*k. List the prime factors of k.
7, 53
Let p(s) be the third derivative of -s**6/120 + s**5/60 + s**4/24 + 2*s**3/3 - 4*s**2. Let y be p(0). Suppose y - 76 = -3*a. List the prime factors of a.
2, 3
Let g(u) = -u**3 - 7*u**2 - 3*u - 10. Let d be g(-9). Suppose 0 = 4*v + 23 - d. List the prime factors of v.
3, 13
Let p(h) = -h**2 + 7*h - 6. Let j be p(6). Suppose -7*q = -4*q - 5*w + 16, 12 = -3*w. Let d = j - q. What are the prime factors of d?
2, 3
Let a = 142 - 106. What are the prime factors of a?
2, 3
Let i(r) = -6*r + 606. Let b be i(0). What are the prime factors of ((-26)/(-39))/(4/b)?
101
Suppose -v - 13 = -2*v. Let y = -8 + v. Suppose 4*c - 93 = y*d, 0 = 2*c - 4*d + 3*d - 45. List the prime factors of c.
2, 11
Suppose -651 = 3*n + 2*c - 1779, 2*n + c = 751. Suppose 0 = 5*h + 2*g - 0*g - n, 3*h + 5*g = 213. What are the prime factors of h?
2, 19
Suppose 2*n = -6, 4 = 2*s + 2*n - 6. Let l = s - 8. Suppose -2*k - 3*g = -23, 4*k - 2*g + 32 - 86 = l. List the prime factors of k.
13
Suppose -2*m + 39 = 41, 0 = 4*h + 3*m - 19857. List the prime factors of h.
3, 5, 331
Let r = 79 - 23. Suppose 0 = 4*n + 5*m + r, -5*n = 4*m - 0*m + 61. What are the prime factors of 2/(-6)*1188/n?
2, 11
Let l = 24 + -18. Let w(u) = -5*u**3 + 3*u**2 - 8*u + 5. Let j(o) = 5*o**3 - 3*o**2 + 7*o - 4. Let x(g) = l*j(g) + 5*w(g). What are the prime factors of x(2)?
3, 11
Let y(u) = -2*u**2 - 45*u + 5. Let t be y(-23). Let m(x) = -10*x + 55. What are the prime factors of m(t)?
5, 47
Suppose -16 = 5*m + 9, 0 = 3*u - 2*m + 35. Let t = -6 + 4. Let a = t - u. List the prime factors of a.
13
Suppose 1928 = 9*h - 3337. What are the prime factors of h?
3, 5, 13
Let x(u) = 9*u**2 - 5 + 0 - 2*u**2 + 6*u. List the prime factors of x(3).
2, 19
Let w(l) = -l**2 - 14*l - 21. Let b(j) = -j. Let u(c) = -3*b(c) - w(c). Suppose 5*k = k - 64. What are the prime factors of u(k)?
5
Suppose 0 = -k - 2*o + 899, 3860 = 5*k + 2*o - 595. List the prime factors of k.
7, 127
Let v = 1517 + -748. Suppose 0 = 4*k + 209 - v. List the prime factors of k.
2, 5, 7
Suppose -3*d - 4*f = -4970, 0*d = -5*d + 5*f + 8260. What are the prime factors of d?
2, 827
Let d be ((-7)/(105/(-1332)))/(4/(-170)). What are the prime factors of 2/9 + d/(-27)?
2, 5, 7
Let t(l) = 14 + l - 21*l + 5*l + 4. Let o(u) = 5*u - 6. Let h(s) = -17*o(s) - 6*t(s). What are the prime factors of h(9)?
3, 13
Let z = 367 + -209. Let b = -76 + z. What are the prime factors of b?
2, 41
Suppose -4*j + 63 = 4*l - 3*l, -2*j = -l - 33. Suppose -7 = m +